 = q + -11. List the prime factors of t.
5
Let j(n) = -n**3 + 4*n**2 - 2*n - 3. Let g be (1/(-2))/(4/(-24)). Let s be j(g). Suppose -3*q + 3*h + 54 = s, 69 = 4*q + 5*h - 12. List the prime factors of q.
19
Let k be (-90)/(-24) - 1/(-4). Suppose -3*u = -7*u. Suppose u = 2*a - k*l - l - 24, -2 = 3*a + 2*l. What are the prime factors of a?
2
Suppose 0 = -5*y + 5, 3*y + 1 + 20 = -4*m. Let b(g) = -2*g - 6. List the prime factors of b(m).
2, 3
Suppose -3*i = -5*o - 0*i + 44, o + 4*i + 5 = 0. List the prime factors of 78/7 - 1/o.
11
Let g = 13 + 79. List the prime factors of g.
2, 23
Suppose 3*s - 13 = 5*k - s, 0 = -k - 4*s + 7. Let p = 1 - k. Suppose -p*n = -5*n + 33. What are the prime factors of n?
11
List the prime factors of 9/((-1 - -4) + -2).
3
Let w = -1 - -5. Suppose -w*s = -2*s - 8. Suppose 0 = u - 2, 4*u - 6 = -s*v + 5*u. List the prime factors of v.
2
Suppose 9*m + 0*m = 2691. List the prime factors of m.
13, 23
Suppose 0 = -3*u - 4*m + 370, -3*u - 362 = -6*u + 4*m. List the prime factors of u.
2, 61
Let r = -4 + 7. Suppose -5*k - 4*o + 25 = 0, -r*o - 42 = -3*k - 0*k. What are the prime factors of k?
3
Suppose -4 = 2*g, 4*n + 0*g + 2*g = 120. What are the prime factors of n?
31
Let k(h) = 17*h - 43. What are the prime factors of k(10)?
127
Let b(o) = 15*o + 4. What are the prime factors of b(6)?
2, 47
Let w(q) = q**3 + 10*q**2 + 9*q + 12. List the prime factors of w(-6).
2, 3, 17
Let q = 10 + -8. Suppose 5*z - s - 3*s = 166, q*z - 68 = 2*s. List the prime factors of z.
2, 3, 5
Let c = 10 + -14. Let b(u) = u**2 - 5*u - 6. List the prime factors of b(c).
2, 3, 5
Let q(w) = 3*w + 5. Suppose 5*r - 41 = -16. What are the prime factors of q(r)?
2, 5
Let b = -4 - -7. Let y(p) = 2*p + 3*p**3 + 2 - 8*p - 2*p**b + 5*p**2. List the prime factors of y(-6).
2
Let j(a) = 2*a**3 + a**2 - 4*a + 8. Let h(f) = -3*f**3 - f**2 + 6*f - 12. Let c(d) = -5*h(d) - 7*j(d). What are the prime factors of c(3)?
7
Suppose -16*h + 21*h - 250 = 0. List the prime factors of h.
2, 5
Let f(p) = p**2 + 4*p - 9. What are the prime factors of f(6)?
3, 17
Let a(d) = -d**3 + 10*d**2 - d + 3. Let j be a(10). What are the prime factors of 0 - -2 - (-7 + j)?
2
Let w = 73 - -5. List the prime factors of w.
2, 3, 13
Let c(y) = -10*y + 16. List the prime factors of c(-6).
2, 19
Let x(i) = -6*i - 8. Let b(r) = -r - 1. Let v(l) = 21*b(l) - 3*x(l). List the prime factors of v(-7).
2, 3
Suppose 0 = 3*l - 5*h - 423, -839 + 94 = -5*l - 5*h. List the prime factors of l.
2, 73
List the prime factors of ((-10)/(-3))/((-2)/(-18)).
2, 3, 5
Suppose 0*c - 12 = -3*c. List the prime factors of c.
2
Let k(n) = 17*n**2 + 3*n - 1. What are the prime factors of k(-3)?
11, 13
Suppose 5*n + 0*a = -3*a + 440, 2*n - 202 = 4*a. List the prime factors of n.
7, 13
Suppose 4*m + 9 = 3*l, l + 2*l - 9 = -5*m. Let a(z) = z**2 + z - 6. Let i be a(m). Let f = 3 - i. List the prime factors of f.
3
Suppose -2*t = -t - 28. Let j = -11 + t. Suppose 2*k = 4*f - 14, 0 = 4*f - 4*k + 3*k - j. What are the prime factors of f?
5
Let g = -16 - -59. What are the prime factors of g?
43
Let h = -8 - -15. Let g(d) = 0*d - 2*d + 4*d**3 - 5 - 4*d - 3*d**3 - 6*d**2. List the prime factors of g(h).
2
Let p be 1*(2 + -14)/2. Let k be p*(-3)/((-27)/(-6)). What are the prime factors of ((-18)/k)/(2/(-4))?
3
Suppose -2*i - 3*i = 0. Let o(x) = 2*x + 5 + 52*x**2 - 53*x**2 - 2*x. What are the prime factors of o(i)?
5
Let p(c) be the third derivative of 11*c**9/60480 + c**7/5040 + c**5/30 + 2*c**2. Let x(n) be the third derivative of p(n). What are the prime factors of x(1)?
2, 3
Let t be (10/4)/((-11)/(-110)). Let b = t + -7. List the prime factors of b.
2, 3
Let k(z) = z**3 + 5*z**2 - 5*z + 8. Let q be k(-6). Suppose 0 = 5*j, -2*j - 19 = q*s - 111. Suppose -4*c - 2 = -s. List the prime factors of c.
11
Suppose 0 = -4*h - 0*h + 52. What are the prime factors of 2/h + (-4560)/(-104)?
2, 11
Let k = -7 - -10. Let z(h) = -h - 1. Let r be z(-1). Suppose r = -x + k. What are the prime factors of x?
3
Let f(y) = -y**3 + 4*y**2 + 4*y + 3. Let r be f(5). Let d = 8 + r. List the prime factors of (-4)/(-12) - (-28)/d.
5
Suppose 0 = q + 3*q - 32. Let v be q/(-6)*9/6. List the prime factors of (v - 0)/(2/(-7)).
7
Let i = -8 - -8. Let u = 13 - i. List the prime factors of u.
13
Suppose 3*a - 106 = -3*g + 17, -2*a + 6 = 0. List the prime factors of g.
2, 19
Let l = -1 + 3. Suppose -4*t + 26 = 2*k, -t + l*k + 6 - 2 = 0. What are the prime factors of t?
2, 3
Let p = -2 + 4. Let x = -10 + 10. Suppose p*o + 0*o - 16 = x. What are the prime factors of o?
2
What are the prime factors of ((-10)/(-15))/(-4*(-2)/2508)?
11, 19
Suppose -29 = 4*v + 3. Let h = v - -17. List the prime factors of h.
3
Let z = -74 + 109. List the prime factors of z.
5, 7
Let p = 6 + -4. Suppose -p = -d - 4. What are the prime factors of d*3/6*-2?
2
Suppose 2*c = -3*c + 90. What are the prime factors of c?
2, 3
Suppose 4*g - 1 = u - 15, 5*g = -3*u - 26. Let t = g + 6. List the prime factors of t.
2
List the prime factors of ((-80)/25 - -4)*115.
2, 23
Let l(n) = 2*n**2 + 2*n - 1. Let z be (-2)/(-4)*2*-2. Let p be l(z). Suppose -p*g = g - 32. What are the prime factors of g?
2
Let i(q) = -10*q - 19. List the prime factors of i(-8).
61
Suppose q + 2 - 4 = 0. Let c(k) = 2*k + 1. What are the prime factors of c(q)?
5
Let z = 13 - 9. Suppose -z*h + 2*h = -48. Let t = h + -14. List the prime factors of t.
2, 5
Let n(c) = -2*c - 10. Let v = -4 - -1. Let j be 21/9*v/1. What are the prime factors of n(j)?
2
Let r be 1 + 12/(-3) + 9. Suppose -x = r - 26. List the prime factors of x.
2, 5
Let a = 24 - 3. What are the prime factors of a?
3, 7
Suppose 0 = 5*g + 2*f - 52, -g - g + 15 = -5*f. Let s = 21 - g. List the prime factors of s.
11
Suppose j = -3*u + 47, u - j - 23 + 6 = 0. Let n be (u + 2)/3*1. Let k(g) = -g**3 + 6*g**2 + g - 1. What are the prime factors of k(n)?
5
Let l(r) = 13 - 12*r + 11*r + 8. List the prime factors of l(10).
11
Suppose -4*p + 356 = 5*n, 0 = 4*n + p - 271 - 16. List the prime factors of n.
2, 3
Suppose -35 = -4*s + 3*i + 65, -4*i - 25 = -s. List the prime factors of s.
5
Let k be (-12)/(-9)*42/(-4). Suppose 7 = 4*d + 15, -4*f = -2*d. Let g = f - k. What are the prime factors of g?
13
List the prime factors of (-520)/(-15) - 1/(-3).
5, 7
Suppose 0 = -5*h - 5*i + 260, 4*h = 3*i - 0*i + 236. List the prime factors of h.
2, 7
Let v = 15 - -17. List the prime factors of v.
2
Let q = 39 + -56. Let n = q - -23. What are the prime factors of n?
2, 3
Suppose -2*n + n + 4*o = 14, -5*o + 10 = 0. Let u be (-14)/n - (-1)/(-3). List the prime factors of -9*u*(-2)/4.
3
Let z(d) = d + 4. Suppose 3*j = 2*j + 5. What are the prime factors of z(j)?
3
What are the prime factors of 3 + 232 - (-3 - -1)/2?
2, 59
Let b = 598 + -284. List the prime factors of b.
2, 157
Let i(x) be the second derivative of 4*x - 5/2*x**2 + 0 + 1/3*x**3 - 1/20*x**5 + 3/4*x**4. What are the prime factors of i(9)?
13
Let k(a) = a**3 + 6*a**2 + a - 2. List the prime factors of k(-5).
2, 3
Let w(l) = 85*l. Let o be w(2). Suppose -5*m + 0*m = -o. What are the prime factors of m?
2, 17
Let u = 4 - 3. List the prime factors of -1 + 1 + (4 - u).
3
Let s be (3/9)/(1/(-39)). Let a be (-2)/3 - (-50)/(-6). Let x = a - s. What are the prime factors of x?
2
Let u(t) = -20*t**3 + 3*t + 2. What are the prime factors of u(-1)?
19
Let t = 162 + -87. What are the prime factors of t?
3, 5
Let l(i) = -6*i**2 + 6*i - 3. Let v = -24 + 15. Let t(j) = -13*j**2 + 13*j - 7. Let y(b) = v*l(b) + 4*t(b). What are the prime factors of y(-1)?
3
Let l(z) = 0*z**2 - z**3 + 0*z**2 + 2 - 5*z**2 + 3*z + 3*z**2. List the prime factors of l(-4).
2, 11
Suppose 1 - 5 = -2*v. Suppose -v*z - 4 = -4*z. Suppose 0*u = z*u - 12. What are the prime factors of u?
2, 3
List the prime factors of 1/(-1 + 176/172).
43
Let w(h) = 6*h**2 - h - 2. Let d be (-4)/(-2 + 0 + 0). Let y be w(d). What are the prime factors of 2 - 1/((-2)/y)?
2, 3
List the prime factors of ((-4)/12)/(2/(-210)).
5, 7
Let o = -329 + 792. List the prime factors of o.
463
Let q(o) be the third derivative of o**7/840 - o**5/120 + 17*o**4/24 - o**3/6 + o**2. Let w(l) be the first derivative of q(l). List the prime factors of w(0).
17
Let p(w) = w**3 - 12*w**2 + 11. Let u = -26 + -3. Let x = u - -4